is the hundreds digit of p?
3
Let h(s) = 3*s**2 - 7*s - 10. What is the units digit of h(6)?
6
Let i = 8 + -5. Let m = i - -6. What is the units digit of m?
9
Suppose -4*n = -207 + 51. What is the tens digit of n?
3
Let f = 6 - -10. What is the units digit of (5/2)/(8/f)?
5
Suppose 0 = 2*w - 60 - 0. What is the units digit of w?
0
Let h = 12 + -5. Let f(x) = -x**2 + 9*x - 3. What is the units digit of f(h)?
1
Let b = -3 + 7. Suppose 2*s + 12 = 2*i - 8, -b*s = i. Suppose r = d - i, d - 2*d + 16 = r. What is the units digit of d?
2
Suppose -168 = -2*x - 4*x. What is the units digit of x?
8
Let a(x) = 5*x**3 - 2*x**2 + 2*x - 2. Let u be a(2). Let k = 3 + -2. What is the units digit of (u/(-4))/(k/(-2))?
7
Suppose x - 36 = 11. What is the tens digit of x?
4
Let w = 0 - 1. Let m be (0 - -2)*w + 17. Suppose 5*p - 51 = -4*z, 4*z - 1 - m = 0. What is the units digit of p?
7
What is the hundreds digit of 254 - (-2 + 0) - -2?
2
Suppose 0 = -5*r - 19 + 4. Let f(i) = 8*i + 4. Let w be f(r). What is the units digit of (-18)/(-12)*w/(-6)?
5
Let v be 8/(-20) + (-203)/5. Let j = -4 - v. What is the units digit of j?
7
Let g(f) = f**3 + 15*f**2 - 10*f + 43. What is the units digit of g(-15)?
3
Let j(d) = 14*d + 5. What is the tens digit of j(6)?
8
Suppose g = 5*z - 18, 0 = g - z + 4 + 2. What is the tens digit of (-116)/8*(1 + g)?
2
What is the units digit of ((-1)/3)/((-3)/63)?
7
Let t(n) be the first derivative of -n**2/2 - 3*n - 2. What is the units digit of t(-9)?
6
Let o be (-18)/(-6)*(0 - 1). Let p be 2/(-1) - (-10 - o). Suppose -4*s = -p*s + 9. What is the units digit of s?
9
Suppose -3*k = -8*k + 140. What is the tens digit of k?
2
Suppose 0 = -3*l + 3*p + 381, 5*l + 2*p - 642 = -0*l. Suppose -t + l = 3*k, 2*t - 45 = -k + 4*t. What is the units digit of k?
3
Let m(n) = -n + 16. What is the units digit of m(-7)?
3
Suppose 13*c = 18*c - 10. Suppose -c*i + 80 = 3*i. What is the tens digit of i?
1
Let u be (-2)/(-6) - (-10)/6. Let a = u - -8. Suppose 4*q - 25 = -5*d, 3*q - 30 + a = -5*d. What is the units digit of d?
1
Suppose -15 + 83 = 2*w. What is the units digit of w?
4
Suppose -2*p = -0*p + 28. Let v = p + 21. What is the units digit of v?
7
Suppose 3*m + 9 = 0, 0 = g + 4*m - 36 - 3. What is the units digit of g?
1
Suppose 33 = a - 11. Let g = 69 + -41. Suppose 4*c = x + g, 5*c = -x - 0*x + a. What is the units digit of c?
8
Let y(w) = -2*w**2 - 1 - w**3 + 10*w**2 + 2*w + 0*w**3 - 7. Let d be y(8). Suppose -3*i + 0*i - m + d = 0, -36 = -4*i + 5*m. What is the units digit of i?
4
Let r(c) = 2*c**2 - 2*c + 5. Let h = 18 + -12. Let l be r(h). Suppose 6*p = p + l. What is the tens digit of p?
1
Let p(k) = 6*k + 8. Let s(w) = 7*w + 9. Let j(v) = -4*p(v) + 3*s(v). Let r be (-5 + (-150)/(-18))*(-12)/10. What is the units digit of j(r)?
7
Suppose 0 = 2*j + j - 375. What is the hundreds digit of j?
1
Let i(b) = 2*b**2 - 4*b. What is the tens digit of i(-3)?
3
Suppose 3*w + 3*a = 15, -2*a + 0 = 4*w - 16. Suppose 5*x - 82 = w*x. What is the tens digit of x?
4
Let w = 300 + -210. Suppose -g = -3*g + w. What is the tens digit of g?
4
Suppose -5*r = 3*o - 26, 2*r - 1 = r. Suppose -5*p - 14 = -o*p. What is the units digit of p?
7
Suppose 0 = -5*q + 4*k - 10, 3 - 9 = 2*q - 2*k. Suppose q*w - 3 = w. Suppose 0 = p - o - 1, -w*p - 2*o + 6 + 2 = 0. What is the units digit of p?
2
Suppose -12 = -3*w + 2*i + 117, -4*i = -4*w + 168. What is the units digit of w?
5
Suppose -5*l + 20 = -0*l. Suppose -l*r + 24 = -24. What is the units digit of r?
2
Suppose -2*x = -x - 3*a + 7, -x + 1 = -a. Suppose 21 - x = r. Let g = r - -2. What is the tens digit of g?
1
Let o(w) = w**2 - 4*w - 2. Let i be o(5). Suppose -3*h = i*s - 12, 2*h - 4 = -s - 2*h. What is the units digit of s?
4
Suppose 5*b = 97 + 8. What is the units digit of b?
1
Suppose 3*i - 81 = -x, 85 = 3*i + 3*x + 4. What is the tens digit of i?
2
Let r be (-2 + 56/20)*5. Let w(n) = n**3 + 6*n**2 + 3*n - 5. Let l be w(-5). Let c = l - r. What is the units digit of c?
1
Suppose 2*w - 2*f - 6 = 0, -3*f + 4*f = 0. Suppose -w*d - 5 + 17 = 0. What is the units digit of d?
4
Let p be -3 - (-3)/(-2 + -1). Let c = 2 + -8. What is the units digit of 18/p*8/c?
6
Suppose -5 + 2 = v. Let l = v - -14. What is the tens digit of l?
1
Suppose 0*w = 2*w - 96. What is the units digit of w?
8
Let y(f) = -5*f. Let o be y(-1). Suppose -3*v + o = -7. What is the units digit of 0/1 + (v - -2)?
6
Let w = 13 - 9. Suppose -2*d - 13 = -5*b, w*b + b - 3*d - 17 = 0. What is the units digit of b?
1
Let b be (-10 - -1)/(-1 + 2). What is the units digit of (b/6)/(15/(-320))?
2
Let p = 2 + -1. Let o = -2 - p. Let z(b) = -b**3 - b**2 + 5*b + 2. What is the units digit of z(o)?
5
Suppose 0 = 2*u - 4*a + 8, 3*u + a - 20 = -u. What is the units digit of (6/u)/(15/40)?
4
Suppose -3*z = -2*z + 2*u - 88, 58 = z - 4*u. Suppose 22 = -4*q + z. What is the units digit of q?
4
Let z = 107 + -61. What is the units digit of z?
6
Suppose 2*y - 3*v = 166, -122 = -3*y - 4*v + 93. Suppose -51 = -3*x + o, -y = -5*x - 0*o - o. Suppose -5*a + 4 = -x. What is the units digit of a?
4
Let o(q) = q**2 + 3*q - 2. Let x be o(-2). Let m(y) = y**2 + 3*y + 3. Let v be m(x). What is the units digit of (6/(-7))/((-1)/v)?
6
Let r(s) = 2*s**3 + 15*s**2 - s - 8. What is the units digit of r(-6)?
6
Let t(m) = -m**3 + 6*m**2 + 7*m + 9. Let h be t(7). Suppose h*p - 4*p = 0. Suppose 2*s + 2 - 26 = p. What is the tens digit of s?
1
Let k be (1 - -1*26)/(-1). Let f = k - -40. What is the tens digit of f?
1
Suppose -q + 3 = -4*q, 0 = -o + 4*q + 5. Let v be (4/3)/(o/(-3)). What is the units digit of 2/6*(v + 7)?
1
Suppose 0 = 11*i - 0*i - 121. What is the units digit of i?
1
Suppose 225 = w - 18. What is the tens digit of w?
4
Suppose w + 11 = 3*p - 5, -p + w + 6 = 0. Suppose -2*a = 3*h - 111, -26 = p*h - a - 224. What is the units digit of h?
9
Let s(h) = 4*h**2 + 2*h + 1. Let i be s(-1). Let n be ((-12)/(-8) + (0 - 1))*8. Suppose i*b - 56 = -n*v, 5*b = 2*v - 5*v + 75. What is the units digit of b?
2
Let a(p) = p**2 - 6*p - 4. Let g(j) = j**3 - j**2 - j + 7. Let x be g(0). Let m be a(x). Let y(o) = -o**3 + 2*o**2 + 4*o. What is the units digit of y(m)?
3
Let s be (-1)/(-4) + (-3)/12. Suppose s = 4*q - 24 - 12. What is the units digit of q?
9
Suppose 0 = -4*g + c - 3*c - 64, 0 = 2*g - c + 24. Suppose -5*o + 2*d = -55 + 208, 94 = -3*o - d. Let w = g - o. What is the tens digit of w?
1
What is the units digit of -1*(-1 + 2) - -7?
6
Let v(k) = -17*k + 8. What is the tens digit of v(-3)?
5
Let u(f) = -f + 7. Suppose 17 = 3*z + 5*w, 5*z - w + 0*w = 19. Let b be u(z). Suppose 6*x - 14 = 4*x + 3*y, 5*y = -b*x - 17. What is the units digit of x?
1
Let z = 13 - -13. What is the tens digit of z?
2
Suppose -5*z = -175 - 185. Suppose p - g = 16, 5*p - 4*g = -g + z. What is the units digit of p?
2
Let o be (-2)/(-7) - 60/14. What is the tens digit of ((-16)/24)/(o/66)?
1
Let s be 20/70 + 40/7. Suppose 55 = -t + s*t. What is the units digit of t?
1
What is the tens digit of -1 - (110/(-4) - 1/2)?
2
Suppose 4*u - 2*u = 6. Suppose -5 = 5*w + 5*f, 2*f + 19 = 5*w + u. Suppose -6*v + 32 = -w*v. What is the units digit of v?
8
Let v(a) = -a + 13. Let j be v(11). Suppose -3*m = -j*k - 107, -2*k + k = -2*m + 73. What is the tens digit of m?
3
Suppose b = 2*f - f, -8 = 2*b. Let m be (-79)/(-2) + (-2)/f. Suppose -m = -3*z + 20. What is the units digit of z?
0
Let n(g) = -g**2 + 9*g - 2. Suppose -3*u - 11 = 1. Let f be u/6*(-18)/2. What is the tens digit of n(f)?
1
Let a be (0 + -2)*2/4. Let o = -1 - a. Suppose -n + 4 = -o. What is the units digit of n?
4
Let d(f) = 4*f - 3. Let s = 14 + -6. Let q be d(s). Let h = q + -18. What is the tens digit of h?
1
Suppose -616 = 49*y - 53*y. What is the tens digit of y?
5
Suppose -4*z + 0*z + 5*w = -455, 0 = 2*z - 2*w - 226. What is the units digit of z?
0
Suppose 3*y = -4*w + 694, 4*w = y - 410 + 1096. What is the tens digit of w?
7
Let k(t) be the third derivative of -t**6/120 - t**5/30 - t**4/12 - t**2. Suppose 2 = -3*z - 2*y + 4, 4*y = z + 18. What is the units digit of k(z)?
4
Suppose -o = -q - 4, -7 = 5*q - 4*o + 9. Suppose 0 = -3*n + 3*u, -2*n + q + 7 = 5*u. What is the units digit of n?
1
Let g = 8 - -57. What is the units digit of g?
5
Let b(u) = -u**3 - 10*u**2 - 11*u. Wh